f 2379545250?
3
What is the hundred thousands digit of 284103033?
1
What is the thousands digit of 731522920?
2
What is the ten thousands digit of 1255867038?
6
What is the thousands digit of 40994174?
4
What is the billions digit of 2464307603?
2
What is the units digit of 2783189349?
9
What is the hundred millions digit of 2715250288?
7
What is the units digit of 839763258?
8
What is the ten millions digit of 89515898?
8
What is the billions digit of 1112461230?
1
What is the hundred thousands digit of 151932295?
9
What is the ten thousands digit of 5762570100?
7
What is the hundred thousands digit of 61107677?
1
What is the tens digit of 47738922?
2
What is the ten millions digit of 999884130?
9
What is the millions digit of 2717929115?
7
What is the tens digit of 1641782947?
4
What is the hundred thousands digit of 22167146?
1
What is the units digit of 263695193?
3
What is the units digit of 91336950?
0
What is the ten millions digit of 38999179?
3
What is the millions digit of 59812931?
9
What is the thousands digit of 1173966215?
6
What is the millions digit of 36266952?
6
What is the ten millions digit of 37039267?
3
What is the ten millions digit of 661879826?
6
What is the hundreds digit of 153075426?
4
What is the thousands digit of 98238006?
8
What is the hundred millions digit of 126971597?
1
What is the units digit of 210374462?
2
What is the millions digit of 3257244134?
7
What is the thousands digit of 1398784960?
4
What is the units digit of 261529506?
6
What is the hundred thousands digit of 80871687?
8
What is the millions digit of 1491855707?
1
What is the ten thousands digit of 206543943?
4
What is the hundred millions digit of 145259106?
1
What is the ten millions digit of 89539926?
8
What is the hundred millions digit of 747944950?
7
What is the hundreds digit of 531045413?
4
What is the millions digit of 8922716984?
2
What is the units digit of 3527827631?
1
What is the units digit of 608615306?
6
What is the tens digit of 56887051?
5
What is the units digit of 25803817?
7
What is the millions digit of 21140769?
1
What is the hundreds digit of 479200718?
7
What is the units digit of 99509483?
3
What is the hundreds digit of 2516053650?
6
What is the thousands digit of 355040430?
0
What is the ten millions digit of 2853348909?
5
What is the ten thousands digit of 973152726?
5
What is the hundred thousands digit of 597039?
5
What is the hundred millions digit of 392247024?
3
What is the ten thousands digit of 738328152?
2
What is the tens digit of 1693623716?
1
What is the hundred millions digit of 189700518?
1
What is the hundreds digit of 2544965231?
2
What is the ten millions digit of 2532809564?
3
What is the hundred millions digit of 184211381?
1
What is the ten thousands digit of 249184078?
8
What is the tens digit of 444450525?
2
What is the tens digit of 1486723051?
5
What is the tens digit of 98809735?
3
What is the tens digit of 169022783?
8
What is the hundred thousands digit of 26907912?
9
What is the thousands digit of 260373426?
3
What is the hundred thousands digit of 65626283?
6
What is the units digit of 4928292429?
9
What is the millions digit of 421210646?
1
What is the thousands digit of 380174424?
4
What is the ten millions digit of 257462044?
5
What is the ten millions digit of 132487956?
3
What is the hundred thousands digit of 61906274?
9
What is the thousands digit of 100559024?
9
What is the units digit of 148336322?
2
What is the ten millions digit of 570864628?
7
What is the hundreds digit of 36746533?
5
What is the ten millions digit of 733453006?
3
What is the units digit of 726839128?
8
What is the ten millions digit of 1716673708?
1
What is the hundreds digit of 75228439?
4
What is the hundred millions digit of 335279772?
3
What is the thousands digit of 2842871657?
1
What is the units digit of 2080399943?
3
What is the units digit of 612397505?
5
What is the hundreds digit of 2512607297?
2
What is the hundred thousands digit of 47713459?
7
What is the ten millions digit of 106772408?
0
What is the hundreds digit of 3975689556?
5
What is the hundreds digit of 53862286?
2
What is the hundreds digit of 1999724485?
4
What is the millions digit of 25293980?
5
What is the millions digit of 1032096303?
2
What is the units digit of 3632753471?
1
What is the ten millions digit of 27692777?
2
What is the units digit of 31490642?
2
What is the thousands digit of 994889881?
9
What is the ten thousands digit of 9628542?
2
What is the millions digit of 291711759?
1
What is the hundreds digit of 340818235?
2
What is the hundreds digit of 2990240?
2
What is the hundred millions digit of 2240254502?
2
What is the ten thousands digit of 34914257?
1
What is the hundreds digit of 242689275?
2
What is the units digit of 535646686?
6
What is the units digit of 85067556?
6
What is the millions digit of 779809759?
9
What is the hundreds digit of 125730988?
9
What is the units digit of 61057323?
3
What is the units digit of 46198028?
8
What is the hundred thousands digit of 570648897?
6
What is the ten millions digit of 160612506?
6
What is the hundred thousands digit of 360183831?
1
What is the millions digit of 321173980?
1
What is the ten thousands digit of 1556251340?
5
What is the tens digit of 59488620?
2
What is the millions digit of 33700496?
3
What is the tens digit of 264892756?
5
What is the hundreds digit of 670167821?
8
What is the hundreds digit of 6776812945?
9
What is the hundreds digit of 688962901?
9
What is the tens digit of 664844091?
9
What is the ten millions digit of 94259238?
9
What is the hundreds digit of 1812251?
2
What is the ten millions digit of 1238319797?
3
What is the millions digit of 842223734?
2
What is the tens digit of 2041846?
4
What is the ten thousands digit of 49998609?
9
What is the thousands digit of 1275732965?
2
What is the hundred thousands digit of 251955324?
9
What is the ten thousands digit of 74604859?
0
What is the ten thousands digit of 54695366?
9
What is the ten millions digit of 13839920?
1
What is the units digit of 896140159?
9
What is the thousands digit of 5277914?
7
What is the millions digit of 190908260?
0
What is the hundred thousands digit of 112986362?
9
What is the units digit of 677919245?
5
What is the units digit of 8626263198?
8
What is the hundreds digit of 4718297825?
8
What is the ten millions digit of 360924951?
6
What is the units digit of 202310414?
4
What is the hundred millions digit of 226483110?
2
What is the hundreds digit of 589747003?
0
What is the hundred thousands digit of 5053689257?
6
What is the thousands digit of 29327731?
7
What is the hundred millions digit of 2388401895?
3
What is the ten thousands digit of 480268156?
6
What is the millions digit of 4028280207?
8
What is the thousands digit of 6659108?
9
What is the ten millions digit of 20908189?
2
What is the tens digit of 37403228?
2
What is the millions digit of 226792338?
6
What is the millions digit of 783051152?
3
What is the tens digit of 127095677?
7
What is the ten thousands digit of 6926942?
2
What is the hundred millions digit of 258730904?
2
What is the hundreds digit of 297471460?
4
What is the hundreds digit of 362879708?
7
What is the hundred millions digit of 568825368?
5
What is the ten thousands digit of 1802227563?
2
What is the thousands digit of 57077640?
7
What is the hundred thousands digit of 108853940?
8
What is the hundreds digit of 16415695?
6
What is the ten millions digit of 273393258?
7
What is the ten thousands digit of 32019344?
1
What is the thousands digit of 105059825?
9
What is the units digit of 136370045?
5
What is the ten thousands digit of 279301656?
0
What is the billions digit of 3282356599?
3
What is the millions digit of 5768875?
5
What is the billions digit of 3391923762?
3
What is the thousands digit of 1619527648?
7
What is the millions digit of 67351852?
7
What is the hundred millions digit of 181897930?
1
What is the units digit of 183183227?
7
What is the hundred thousands digit of 301247314?
2
What is the millions digit of 185797963?
5
What is the hundreds digit of 428541?
5
What is the hundred millions digit of 729177626?
7
What is the thousands digit of 55489491?
9
What is the thousands digit of 223198523?
8
What i